{"id":76,"date":"2017-01-24T13:02:55","date_gmt":"2017-01-24T13:02:55","guid":{"rendered":"http:\/\/sattanen.info\/wordpress\/?page_id=76"},"modified":"2026-03-05T12:16:03","modified_gmt":"2026-03-05T12:16:03","slug":"kylaseura","status":"publish","type":"page","link":"https:\/\/sattanen.info\/wordpress\/?page_id=76","title":{"rendered":"Kyl\u00e4seura ry"},"content":{"rendered":"<div class=\"row\">\n<div id=\"content-outer\" class=\"col-sm-9\">\n<div id=\"content\">\n<div class=\"item-page\">\n<p>Yhdistyksen tavoitteena on koota Sattasen kyl\u00e4n asukkaat yhteistoimintaan asuinyhteis\u00f6ns\u00e4 hyv\u00e4ksi, asukkaiden yleisten ja yhteisten etujen ajaminen, viihtyvyyden ja yhteishengen lis\u00e4\u00e4minen, kyl\u00e4n perinteiden vaaliminen ja kaikinpuolisen hyvinvoinnin edist\u00e4minen.<\/p>\n<p>Tavoitteitaan yhdistys toteuttaa j\u00e4rjest\u00e4m\u00e4ll\u00e4 tiedotus- ja koulutustilaisuuksia, kilpailuja, retki\u00e4, n\u00e4yttelyit\u00e4, juhlia ja talkoita, tekem\u00e4ll\u00e4 aloitteita, antamalla lausuntoja sek\u00e4 pyrkim\u00e4ll\u00e4 n\u00e4in vaikuttamaan p\u00e4\u00e4t\u00f6ksentekoon sek\u00e4 aluetta koskevaan suunnitteluun, kyl\u00e4l\u00e4isten omatoimisuuteen, harrastustoimintaan ja yhteishenkeen sek\u00e4 toimimalla muutoin kyl\u00e4l\u00e4isten parhaaksi.<\/p>\n<p>Yhdistyksen j\u00e4seneksi voi liitty\u00e4 15 vuotta t\u00e4ytt\u00e4nyt henkil\u00f6, joka maksaa syyskokouksen m\u00e4\u00e4ritt\u00e4m\u00e4n j\u00e4senmaksun 5 \u20ac. J\u00e4senmaksun voi maksaa tilille: FI3056412520020033, viite: 20268.<\/p>\n<p><strong>Kyl\u00e4seuran hallituksen kokoonpano vuonna 2026:<\/strong><\/p>\n<p><strong>Kyl\u00e4p\u00e4\u00e4llikk\u00f6, seuran puheenjohtaja:<\/strong>\u00a0 Jenna Simontaival, sattasenkylaseura(at)gmail.com<br \/>\n<strong>Varapuheenjohtaja\/sihteeri:<\/strong> Anni Kuukasj\u00e4rvi<br \/>\n<strong>Rahastonhoitaja: <\/strong>Katja Ojanper\u00e4<br \/>\n<strong>J\u00e4senet: <\/strong>Aida Tapio, Olli Tapio, Antti Heikkil\u00e4, Paavo Rytilahti<\/p>\n<\/div>\n<\/div>\n<\/div>\n<\/div>\n","protected":false},"excerpt":{"rendered":"<p>Yhdistyksen tavoitteena on koota Sattasen kyl\u00e4n asukkaat yhteistoimintaan asuinyhteis\u00f6ns\u00e4 hyv\u00e4ksi, asukkaiden yleisten ja yhteisten etujen ajaminen, viihtyvyyden ja yhteishengen lis\u00e4\u00e4minen, kyl\u00e4n perinteiden vaaliminen ja kaikinpuolisen hyvinvoinnin edist\u00e4minen. Tavoitteitaan yhdistys toteuttaa j\u00e4rjest\u00e4m\u00e4ll\u00e4 tiedotus- ja koulutustilaisuuksia, kilpailuja, retki\u00e4, n\u00e4yttelyit\u00e4, juhlia ja talkoita, tekem\u00e4ll\u00e4 aloitteita, antamalla lausuntoja sek\u00e4 pyrkim\u00e4ll\u00e4 n\u00e4in vaikuttamaan p\u00e4\u00e4t\u00f6ksentekoon sek\u00e4 aluetta koskevaan suunnitteluun, kyl\u00e4l\u00e4isten omatoimisuuteen,&#8230;<\/p>\n","protected":false},"author":1,"featured_media":0,"parent":0,"menu_order":0,"comment_status":"closed","ping_status":"closed","template":"","meta":{"_kadence_starter_templates_imported_post":false,"_kad_post_transparent":"","_kad_post_title":"","_kad_post_layout":"","_kad_post_sidebar_id":"","_kad_post_content_style":"","_kad_post_vertical_padding":"","_kad_post_feature":"","_kad_post_feature_position":"","_kad_post_header":false,"_kad_post_footer":false,"_kad_post_classname":"","footnotes":""},"class_list":["post-76","page","type-page","status-publish","hentry"],"_links":{"self":[{"href":"https:\/\/sattanen.info\/wordpress\/index.php?rest_route=\/wp\/v2\/pages\/76","targetHints":{"allow":["GET"]}}],"collection":[{"href":"https:\/\/sattanen.info\/wordpress\/index.php?rest_route=\/wp\/v2\/pages"}],"about":[{"href":"https:\/\/sattanen.info\/wordpress\/index.php?rest_route=\/wp\/v2\/types\/page"}],"author":[{"embeddable":true,"href":"https:\/\/sattanen.info\/wordpress\/index.php?rest_route=\/wp\/v2\/users\/1"}],"replies":[{"embeddable":true,"href":"https:\/\/sattanen.info\/wordpress\/index.php?rest_route=%2Fwp%2Fv2%2Fcomments&post=76"}],"version-history":[{"count":8,"href":"https:\/\/sattanen.info\/wordpress\/index.php?rest_route=\/wp\/v2\/pages\/76\/revisions"}],"predecessor-version":[{"id":2109,"href":"https:\/\/sattanen.info\/wordpress\/index.php?rest_route=\/wp\/v2\/pages\/76\/revisions\/2109"}],"wp:attachment":[{"href":"https:\/\/sattanen.info\/wordpress\/index.php?rest_route=%2Fwp%2Fv2%2Fmedia&parent=76"}],"curies":[{"name":"wp","href":"https:\/\/api.w.org\/{rel}","templated":true}]}}