{"id":273,"date":"2017-01-26T13:40:27","date_gmt":"2017-01-26T13:40:27","guid":{"rendered":"http:\/\/sattanen.info\/wordpress\/?page_id=273"},"modified":"2018-04-10T19:41:15","modified_gmt":"2018-04-10T19:41:15","slug":"kaunon-hiihdot-2","status":"publish","type":"page","link":"https:\/\/sattanen.info\/wordpress\/?page_id=273","title":{"rendered":"Kaunon hiihdot"},"content":{"rendered":"<p><img loading=\"lazy\" decoding=\"async\" class=\"alignnone size-medium wp-image-274\" src=\"https:\/\/sattanen.info\/wordpress\/wp-content\/uploads\/2017\/01\/kaunon_hiihdot_2432015_5_20150324_1242958546-300x169.jpg\" alt=\"\" width=\"300\" height=\"169\" srcset=\"https:\/\/sattanen.info\/wordpress\/wp-content\/uploads\/2017\/01\/kaunon_hiihdot_2432015_5_20150324_1242958546-300x169.jpg 300w, https:\/\/sattanen.info\/wordpress\/wp-content\/uploads\/2017\/01\/kaunon_hiihdot_2432015_5_20150324_1242958546-768x434.jpg 768w, https:\/\/sattanen.info\/wordpress\/wp-content\/uploads\/2017\/01\/kaunon_hiihdot_2432015_5_20150324_1242958546-1024x578.jpg 1024w\" sizes=\"auto, (max-width: 300px) 100vw, 300px\" \/><\/p>\n<p>Sattasessa j\u00e4rjestet\u00e4\u00e4n joka kev\u00e4t perinteiset Kaunon hiihdot. Osallistujista useimmat ovat sodankyl\u00e4l\u00e4isi\u00e4 ja sattaslaisia lapsia ja nuoria.<\/p>\n<ul>\n<li>Tulokset <a href=\"https:\/\/sattanen.info\/wordpress\/wp-content\/uploads\/2018\/04\/Kaunon-hiihdot-2018-tulokset.pdf\" target=\"_blank\" rel=\"noopener\">Kaunon hiihdot 2018<\/a><\/li>\n<li>Tulokset <a href=\"https:\/\/sattanen.info\/wordpress\/wp-content\/uploads\/2017\/04\/KAUNON-HIIHDOT-2017.pdf\" target=\"_blank\" rel=\"noopener\">Kaunon hiihdot tulokset 2017<\/a><\/li>\n<li>Tulokset <a href=\"https:\/\/sattanen.info\/wordpress\/wp-content\/uploads\/2017\/01\/kaunonhiihdot2016.pdf\">Kaunon hiihdot 2016<\/a><\/li>\n<\/ul>\n","protected":false},"excerpt":{"rendered":"<p>Sattasessa j\u00e4rjestet\u00e4\u00e4n joka kev\u00e4t perinteiset Kaunon hiihdot. Osallistujista useimmat ovat sodankyl\u00e4l\u00e4isi\u00e4 ja sattaslaisia lapsia ja nuoria. Tulokset Kaunon hiihdot 2018 Tulokset Kaunon hiihdot tulokset 2017 Tulokset Kaunon hiihdot 2016<\/p>\n","protected":false},"author":1,"featured_media":0,"parent":0,"menu_order":0,"comment_status":"closed","ping_status":"closed","template":"","meta":{"_kadence_starter_templates_imported_post":false,"_kad_post_transparent":"","_kad_post_title":"","_kad_post_layout":"","_kad_post_sidebar_id":"","_kad_post_content_style":"","_kad_post_vertical_padding":"","_kad_post_feature":"","_kad_post_feature_position":"","_kad_post_header":false,"_kad_post_footer":false,"_kad_post_classname":"","footnotes":""},"class_list":["post-273","page","type-page","status-publish","hentry"],"_links":{"self":[{"href":"https:\/\/sattanen.info\/wordpress\/index.php?rest_route=\/wp\/v2\/pages\/273","targetHints":{"allow":["GET"]}}],"collection":[{"href":"https:\/\/sattanen.info\/wordpress\/index.php?rest_route=\/wp\/v2\/pages"}],"about":[{"href":"https:\/\/sattanen.info\/wordpress\/index.php?rest_route=\/wp\/v2\/types\/page"}],"author":[{"embeddable":true,"href":"https:\/\/sattanen.info\/wordpress\/index.php?rest_route=\/wp\/v2\/users\/1"}],"replies":[{"embeddable":true,"href":"https:\/\/sattanen.info\/wordpress\/index.php?rest_route=%2Fwp%2Fv2%2Fcomments&post=273"}],"version-history":[{"count":5,"href":"https:\/\/sattanen.info\/wordpress\/index.php?rest_route=\/wp\/v2\/pages\/273\/revisions"}],"predecessor-version":[{"id":696,"href":"https:\/\/sattanen.info\/wordpress\/index.php?rest_route=\/wp\/v2\/pages\/273\/revisions\/696"}],"wp:attachment":[{"href":"https:\/\/sattanen.info\/wordpress\/index.php?rest_route=%2Fwp%2Fv2%2Fmedia&parent=273"}],"curies":[{"name":"wp","href":"https:\/\/api.w.org\/{rel}","templated":true}]}}