{"id":107,"date":"2017-01-24T14:31:35","date_gmt":"2017-01-24T14:31:35","guid":{"rendered":"http:\/\/sattanen.info\/wordpress\/?page_id=107"},"modified":"2017-02-10T19:25:36","modified_gmt":"2017-02-10T19:25:36","slug":"melonta","status":"publish","type":"page","link":"https:\/\/sattanen.info\/wordpress\/?page_id=107","title":{"rendered":"Melonta"},"content":{"rendered":"<p>Melontaa Sattasjoella kes\u00e4ll\u00e4 2016.<\/p>\n<figure class=\"wp-block-embed wp-block-embed-youtube is-type-video is-provider-youtube epyt-figure\"><div class=\"wp-block-embed__wrapper\"><iframe loading=\"lazy\"  id=\"_ytid_52647\"  width=\"1290\" height=\"726\"  data-origwidth=\"1290\" data-origheight=\"726\" src=\"https:\/\/www.youtube.com\/embed\/FYN8N8X6gZc?enablejsapi=1&autoplay=0&cc_load_policy=0&cc_lang_pref=&iv_load_policy=3&loop=0&rel=0&fs=1&playsinline=0&autohide=2&theme=dark&color=red&controls=1&disablekb=0&\" class=\"__youtube_prefs__  no-lazyload\" data-vol=\"50\"  title=\"YouTube player\"  allow=\"fullscreen; accelerometer; autoplay; clipboard-write; encrypted-media; gyroscope; picture-in-picture; web-share\" referrerpolicy=\"strict-origin-when-cross-origin\" allowfullscreen data-no-lazy=\"1\" data-skipgform_ajax_framebjll=\"\"><\/iframe><\/div><\/figure>\n<p>Sattasen kyl\u00e4n ymp\u00e4rist\u00f6st\u00e4 l\u00f6ytyy monipuoliset mahdollisuudet melontaan. Sattasen tekoaltaasen laskeva Sattasjoki on altaan vaikutuspiirin yl\u00e4puolella t\u00e4ysin luonnontilainen.<\/p>\n<p><strong>Melontareitit<\/strong><\/p>\n<p><strong>Pituus:<\/strong> Nuttion k\u00e4mpp\u00e4 &#8211; Rajala n. 15 km, Rajala &#8211; Sattasen kyl\u00e4 n. 27 km, Nuttion k\u00e4mpp\u00e4 &#8211; Sattasen kyl\u00e4 n. 42 km<\/p>\n<p><strong>Laskuaika:<\/strong> Nuttion k\u00e4mpp\u00e4 &#8211; Rajala n. 1 p\u00e4iv\u00e4, Rajala &#8211; Sattasen kyl\u00e4 n. 1 p\u00e4iv\u00e4, Nuttion k\u00e4mpp\u00e4 &#8211; Sattasen kyl\u00e4 n. 2 p\u00e4iv\u00e4\u00e4<br \/>\n<strong>Karttalehti:<\/strong> 1:50 000, 3712\/1+2, 3714<br \/>\n<strong>L\u00e4ht\u00f6paikat:<\/strong> Nuttion k\u00e4mp\u00e4n kohta, 12 km Rajalasta l\u00e4nteen Rajalan kyl\u00e4<br \/>\n<strong>Rantautuminen:<\/strong> Retken voi p\u00e4\u00e4tt\u00e4\u00e4 joko Rajalan kyl\u00e4\u00e4n tai Sattasen kyl\u00e4n kohdalle nelostien sillan alapuolelle<br \/>\n<strong>Vaikeusaste:<\/strong> Nuttion k\u00e4mpp\u00e4 &#8211; Rajala v\u00e4li on helpohko (**). Reitill\u00e4 yksi laskukelvoton koski (Sorvusk\u00f6ng\u00e4s ***). Muut kosket ovat helpohkoja (**). Joesta ei ole laskunuotteja. Reitill\u00e4 vaikeita koskia, jotka sopivat kokeneemmille laskijoille. Rajala &#8211; Sattasen kyl\u00e4 on kahta koskea lukuunottamatta helpohko (**). Kahta koskea ei suositella laskettaviksi aloittelijalle (Sattask\u00f6ng\u00e4s, Pitk\u00e4koski***).<br \/>\n<strong>Kalastus:<\/strong> Vesist\u00f6 kuuluu Rajalan ja Sattasen kalastuskunnan omistukseen. Kalastuslupia saa Antti Aikiolta Sattasesta, puh. (016) 638 619.<br \/>\n<strong>N\u00e4ht\u00e4vyyksi\u00e4:<\/strong> Kaarestunturi<br \/>\n<strong>Y\u00f6pymispaikat:<\/strong> Rajalassa on Setlementtinuortenliiton Sattaspirtti, puh. (09) 770 12200, jossa voi tilauksesta y\u00f6py\u00e4 yhteismajoituksessa. (Sattaspirtill\u00e4 on my\u00f6s er\u00e4opaspalvelu sek\u00e4 saunomis- ja ruokailumahdollisuus.) Sodankyl\u00e4n keskustassa on hotelleja ja Nilimellan leirint\u00e4alue.<\/p>\n<p><strong>Sattasjoen vesireitti 1 (reitin kuvaus)<\/strong><\/p>\n<p><strong>Yleist\u00e4<\/strong><\/p>\n<p>Sattanen on kirkasvetinen joki, joka saa alkunsa Kittil\u00e4n kunnan puolelta Pomokairan j\u00e4nk\u00e4hetteist\u00e4. Sattanen laskee Kitisenjokeen Sattasen kyl\u00e4n kohdalla, kymmenen kilometri\u00e4 Sodankyl\u00e4n keskustasta pohjoiseen. Joki l\u00f6ytyy topografikartoilta 3712:1+2 (Jeesi\u00f6) ja 3714 (Sattanen).<\/p>\n<p><strong>Nuttion k\u00e4mpp\u00e4 &#8211; Rajala<\/strong><\/p>\n<p>Reitin l\u00e4ht\u00f6paikka on Nuttion k\u00e4mp\u00e4n kohdalla. K\u00e4mpp\u00e4 sijaitsee 12 km Rajalan kyl\u00e4st\u00e4 l\u00e4nteen. Rajalantie on p\u00e4\u00e4llystetty kyl\u00e4\u00e4n saakka ja loppumatka k\u00e4mp\u00e4n kohdalle on hyv\u00e4kuntoista soratiet\u00e4. Reitti alkaa hitaasti virtaavana suvantona ja kolmen kilometrin j\u00e4lkeen tulee ensimm\u00e4inen helppokulkuinen koski. Koski on n. 200 m pitk\u00e4 ja joki jatkuu suvantona kilometrin verran. Seuraavan kosken alaosassa on joen yli tehty silta. Koski on helppo ja lasku sujuu ongelmitta. Joki jatkuu suvantomaisena seuraavat nelj\u00e4 kilometri\u00e4. Rannoilta l\u00f6ytyy vanhoja latoja, jotka muistuttavat rantaniittyjen k\u00e4yt\u00f6st\u00e4 entisaikaan. Kautosel\u00e4n poroerotuspaikan kohdalla on joessa pieni koski ja kosken alapuolisen K\u00f6nk\u00e4\u00e4nniskan suvannon etel\u00e4npuoleisen rannan mets\u00e4ss\u00e4 voi n\u00e4hd\u00e4 puisen poroaidan.<\/p>\n<p>Sorvusk\u00f6ng\u00e4s on vaikea laskettava ja suositeltavaa on taluttaa kanootti rantoja pitkin. Kallioiset rannat ja suuret kivet koskessa saavat aikaan jylh\u00e4n kosken \u00e4\u00e4net. K\u00f6ng\u00e4s on maisemiltaan upea ja kuohut matalankin veden aikaan kunnioitettavat. K\u00f6ng\u00e4s rauhoittuu joen leventeeseen. Ennen Pahkakoskea on syv\u00e4 niva, joka on helppokulkuinen. Pahkakosken j\u00e4lkeen on kevytvirtainen suvanto ja J\u00e4neskoski alkaa seuraavan mutkan j\u00e4lkeen. Koski on helpohko ja kanootilla laskettava. Ennen Koppelosuvantoa K\u00f6nk\u00e4\u00e4npalon kohdalla on 200 m pitk\u00e4 helppokulkuinen koski. Suvannon j\u00e4lkeen saavutetaan Sattaspirtti, joka on Setlementtiliiton vuokrak\u00e4mpp\u00e4 (voi tilauksesta y\u00f6py\u00e4, saunoa ja ruokailla). Sattaspirtin kohdalla on joen yli silta. Pirtin j\u00e4lkeen alkaa Ylikoski, joka koko 300 m:n matkaltaan on hyv\u00e4kulkuinen. Ylikoski p\u00e4\u00e4ttyy Raakesuvantoon. Kuivakoski on alaosaltaan matalahko ja kanoottikulkuista uomaa on vaikea l\u00f6yt\u00e4\u00e4. Viimeinen kilometri ennen Rajalan kyl\u00e4\u00e4 on suvantoa. Suvantojen v\u00e4liss\u00e4 on lyhyt Saarikoski. Reitti p\u00e4\u00e4ttyy Rajalan kyl\u00e4\u00e4n.<\/p>\n<p>L\u00e4ht\u00f6paikalta Rajalan kyl\u00e4\u00e4n tulee matkaa n. 15 km. Reitti on sopiva yhden p\u00e4iv\u00e4n matkalle. P\u00e4iv\u00e4 kuluu melomisen ohessa kalastellen ja maisemia ihastellen. Joen kalastoon kuuluvat taimen, harjus, siika, hauki ja ahven.<\/p>\n<p><strong>Yhteenveto<\/strong><\/p>\n<p>Reitti on 15 km pitk\u00e4 ja aikaa kannattaa varata 5 &#8211; 7 tuntia. Reitti soveltuu kanootti- ja kajakkiretkeilyyn. Korkeamman veden aikaan reitti on laskukelpoinen my\u00f6s veneell\u00e4. Reitill\u00e4 on vaikeita koskia ja kanootin joutuu taluttamaan\/kantamaan Sorvusk\u00f6nk\u00e4\u00e4n ohi. Maisemat koskipaikoilla ovat upeat. Kalastettavia koskia on paljon ja saaliiksi voi saada harjusta tai taimenta, suvannoista vieheeseen iskee siika, ahven tai hauki. Kalastuslupia Rajalan kalastuskunnan vesille myy Jouko Tyni Rajalassa puh. 0400-291 581.<\/p>\n<p><strong>Sattasjoen vesireitti 2 (toinen kuvaus)<\/strong><\/p>\n<p><strong>Yleist\u00e4<\/strong><\/p>\n<p>Sattanen on kirkasvetinen joki, joka saa alkunsa Kittil\u00e4n kunnan puolelta Pomokairan j\u00e4nk\u00e4hetteist\u00e4. Sattanen laskee Kitisenjokeen Sattasen kyl\u00e4n kohdalla, kymmenen kilometri\u00e4 Sodankyl\u00e4n keskustasta pohjoiseen. Joki l\u00f6ytyy topografikartoilta 3712:1+2 (Jeesi\u00f6) ja 3714 (Sattanen).<\/p>\n<p><strong>Rajala &#8211; Sattasen kyl\u00e4<\/strong><\/p>\n<p>Rajalan kyl\u00e4n kohdalla on Kotiniva. Nivan j\u00e4lkeen alkaa 2,5 km pitk\u00e4 Kotisuvanto, jonka p\u00e4\u00e4tt\u00e4\u00e4 helppo Kielisenkoski. Kielisenkosken alla Sattasjokeen laskee Saittajoki. Jokisuulta alkaa Saittasuvanto, jonka rikkoo Koppeloniva. Saittajyr\u00e4m\u00e4n j\u00e4lkeen alkaa pitk\u00e4 nivaosuus, jonka virta jouduttaa matkantekoa mukavasti. Sovasjoki yhtyy Sattasjokeen 5,5 km kohdalla. Madesaaren kohdalta alkaa j\u00e4lleen nivaosuus, joka jatkuu Harakkanivan ohi. Sattasvaaran leirikeskuksen j\u00e4lkeen on hyv\u00e4kulkuinen Rantav\u00e4yl\u00e4nniva. Pienien koskien ja nivojen vuorotellessa saavutaan 11 km:n kohdalla olevalle Sattask\u00f6nk\u00e4\u00e4lle. K\u00f6nk\u00e4\u00e4n p\u00e4\u00e4uomalla on isoja kivi\u00e4 ja kanootti kannattaa taluttaa kosken l\u00e4nsirantaa k\u00f6nk\u00e4\u00e4n ohi.<\/p>\n<p>Peura- ja V\u00e4kev\u00e4nivan j\u00e4lkeen tulee 13 km:n kohdalla Pitk\u00e4koski. Kosken alapuolinen osuus on vaikeakulkuinen ja isot kivet ovat vaarallisen l\u00e4hekk\u00e4in uomalla. Kanootin taluttaminen etel\u00e4npuoleista rantaa on j\u00e4rkevin vaihtoehto ohittaa Pitk\u00e4koski. Kosken j\u00e4lkeen alkaa pitk\u00e4 suvanto-osuus. Tuohisaarenniva on suvanto-osuuden puoliv\u00e4liss\u00e4, joka on 8 km:n mittainen. Majavanivan j\u00e4lkeen tullaan Kurkisuvantoon. Sattasjoki jatkuu hyv\u00e4kulkuisina nivoina ja Sattasen kyl\u00e4 saavutetaan 27 km:n melonnan j\u00e4lkeen.<\/p>\n<p><strong>Yhteenveto<\/strong><\/p>\n<p>Reitin Rajala &#8211; Sattasen kyl\u00e4 pituus on n. 27 km ja reitin kesto on n. 8 &#8211; 10 tuntia. Reitti on kulkukelpoinen kanootilla, kajakilla ja korkean veden aikaan veneell\u00e4. Reitill\u00e4 on kaksi pahaa koskea (Pitk\u00e4koski ja Sattask\u00f6ng\u00e4s), jotka kannattaa ohittaa rantaa pitkin kanoottia taluttaen. Koskissa ja nivoissa on riitt\u00e4v\u00e4sti vett\u00e4 turvalliseen matkantekoon. Sattasjoen melontaretkeen kannattaa liitt\u00e4\u00e4 kalastusta. Joesta l\u00f6ytyy toinen toistaan parempia koskia ja nivoja, joissa taimen ja harjus viihtyv\u00e4t. Kalastuslupia Sattasen kalastuskunnan vesille myy Antti Aikio Sattasen kyl\u00e4ss\u00e4, puh. (016) 638 619.<\/p>\n<p><strong>Huomio!<\/strong> Kelukosken voimalaitos vaikuttaa Sattasjoen alapuoliseen vesist\u00f6\u00f6n 10 kilometri\u00e4 jokisuulta yl\u00e4virtaan.<\/p>\n","protected":false},"excerpt":{"rendered":"<p>Melontaa Sattasjoella kes\u00e4ll\u00e4 2016. Sattasen kyl\u00e4n ymp\u00e4rist\u00f6st\u00e4 l\u00f6ytyy monipuoliset mahdollisuudet melontaan. Sattasen tekoaltaasen laskeva Sattasjoki on altaan vaikutuspiirin yl\u00e4puolella t\u00e4ysin luonnontilainen. Melontareitit Pituus: Nuttion k\u00e4mpp\u00e4 &#8211; Rajala n. 15 km, Rajala &#8211; Sattasen kyl\u00e4 n. 27 km, Nuttion k\u00e4mpp\u00e4 &#8211; Sattasen kyl\u00e4 n. 42 km Laskuaika: Nuttion k\u00e4mpp\u00e4 &#8211; Rajala n. 1 p\u00e4iv\u00e4, Rajala &#8211;&#8230;<\/p>\n","protected":false},"author":1,"featured_media":0,"parent":0,"menu_order":0,"comment_status":"closed","ping_status":"closed","template":"","meta":{"_kadence_starter_templates_imported_post":false,"_kad_post_transparent":"","_kad_post_title":"","_kad_post_layout":"","_kad_post_sidebar_id":"","_kad_post_content_style":"","_kad_post_vertical_padding":"","_kad_post_feature":"","_kad_post_feature_position":"","_kad_post_header":false,"_kad_post_footer":false,"_kad_post_classname":"","footnotes":""},"class_list":["post-107","page","type-page","status-publish","hentry"],"_links":{"self":[{"href":"https:\/\/sattanen.info\/wordpress\/index.php?rest_route=\/wp\/v2\/pages\/107","targetHints":{"allow":["GET"]}}],"collection":[{"href":"https:\/\/sattanen.info\/wordpress\/index.php?rest_route=\/wp\/v2\/pages"}],"about":[{"href":"https:\/\/sattanen.info\/wordpress\/index.php?rest_route=\/wp\/v2\/types\/page"}],"author":[{"embeddable":true,"href":"https:\/\/sattanen.info\/wordpress\/index.php?rest_route=\/wp\/v2\/users\/1"}],"replies":[{"embeddable":true,"href":"https:\/\/sattanen.info\/wordpress\/index.php?rest_route=%2Fwp%2Fv2%2Fcomments&post=107"}],"version-history":[{"count":7,"href":"https:\/\/sattanen.info\/wordpress\/index.php?rest_route=\/wp\/v2\/pages\/107\/revisions"}],"predecessor-version":[{"id":406,"href":"https:\/\/sattanen.info\/wordpress\/index.php?rest_route=\/wp\/v2\/pages\/107\/revisions\/406"}],"wp:attachment":[{"href":"https:\/\/sattanen.info\/wordpress\/index.php?rest_route=%2Fwp%2Fv2%2Fmedia&parent=107"}],"curies":[{"name":"wp","href":"https:\/\/api.w.org\/{rel}","templated":true}]}}